ctor of 70 and 260?
10
Calculate the highest common factor of 87 and 9483.
87
Calculate the greatest common factor of 66 and 2288.
22
What is the highest common divisor of 2142 and 2016?
126
Calculate the greatest common divisor of 1027 and 2133.
79
Calculate the highest common divisor of 171 and 10431.
171
Calculate the highest common factor of 1809 and 4020.
201
What is the highest common factor of 19 and 133?
19
What is the highest common factor of 116 and 108?
4
What is the greatest common divisor of 912 and 57?
57
What is the greatest common divisor of 228 and 76?
76
Calculate the highest common divisor of 45 and 12870.
45
Calculate the greatest common divisor of 8 and 106.
2
Calculate the greatest common divisor of 171 and 950.
19
What is the highest common factor of 96 and 1416?
24
What is the highest common factor of 4 and 30?
2
What is the highest common divisor of 377 and 29?
29
Calculate the greatest common divisor of 66 and 96.
6
What is the highest common divisor of 100 and 2680?
20
Calculate the greatest common divisor of 288 and 3672.
72
What is the greatest common divisor of 1008 and 21504?
336
What is the highest common divisor of 24 and 3?
3
Calculate the greatest common factor of 120 and 40.
40
What is the greatest common divisor of 2090 and 76?
38
Calculate the highest common factor of 88 and 1342.
22
What is the greatest common divisor of 162 and 1962?
18
What is the highest common divisor of 205 and 123?
41
Calculate the greatest common divisor of 48 and 400.
16
Calculate the greatest common divisor of 4333 and 7.
7
What is the highest common factor of 97 and 23377?
97
Calculate the greatest common factor of 760 and 40.
40
What is the highest common divisor of 332 and 64?
4
What is the highest common factor of 40 and 96?
8
What is the greatest common factor of 105 and 378?
21
What is the greatest common divisor of 111 and 6?
3
What is the greatest common factor of 36 and 459?
9
Calculate the greatest common factor of 171 and 4617.
171
What is the highest common divisor of 260 and 52?
52
Calculate the greatest common divisor of 657 and 4672.
73
What is the greatest common factor of 382 and 111926?
382
Calculate the highest common divisor of 33 and 138.
3
What is the greatest common factor of 24 and 2352?
24
Calculate the highest common factor of 28 and 42308.
28
Calculate the greatest common divisor of 9468 and 54.
18
Calculate the highest common factor of 35 and 350.
35
Calculate the highest common factor of 56 and 67424.
56
Calculate the highest common factor of 984 and 60.
12
Calculate the greatest common factor of 59 and 649.
59
What is the greatest common divisor of 12 and 68?
4
What is the highest common factor of 387 and 72?
9
Calculate the greatest common divisor of 10075 and 50.
25
Calculate the highest common factor of 18 and 189.
9
Calculate the highest common factor of 105 and 15.
15
Calculate the greatest common divisor of 66 and 561.
33
Calculate the highest common divisor of 27936 and 288.
288
Calculate the highest common divisor of 77 and 44.
11
What is the highest common factor of 172 and 4?
4
What is the highest common factor of 114 and 76?
38
What is the greatest common factor of 70 and 728?
14
Calculate the highest common divisor of 165 and 240.
15
What is the highest common factor of 119 and 34?
17
What is the highest common factor of 2278 and 67?
67
Calculate the highest common factor of 155 and 961.
31
Calculate the highest common factor of 58 and 3074.
58
What is the highest common divisor of 3 and 117?
3
Calculate the highest common divisor of 296 and 32.
8
Calculate the highest common divisor of 232 and 29.
29
Calculate the highest common divisor of 24 and 2748.
12
What is the highest common divisor of 372 and 396?
12
What is the greatest common factor of 96 and 12000?
96
What is the highest common factor of 2034 and 113?
113
What is the highest common factor of 12 and 204?
12
Calculate the greatest common divisor of 72 and 8.
8
What is the greatest common factor of 384 and 396?
12
Calculate the greatest common factor of 3000 and 1600.
200
Calculate the greatest common factor of 86 and 258.
86
Calculate the highest common factor of 381 and 19939.
127
Calculate the highest common factor of 2035 and 851.
37
Calculate the highest common divisor of 50238 and 18.
18
What is the highest common factor of 8 and 3768?
8
Calculate the highest common divisor of 14 and 350.
14
What is the greatest common factor of 4781 and 14?
7
Calculate the highest common factor of 128 and 272.
16
What is the highest common divisor of 9 and 2511?
9
What is the highest common factor of 218 and 2?
2
Calculate the highest common factor of 351 and 78.
39
Calculate the highest common factor of 297 and 66.
33
What is the highest common divisor of 95 and 105?
5
Calculate the greatest common factor of 225 and 925.
25
Calculate the greatest common factor of 72 and 2088.
72
What is the greatest common divisor of 20 and 5?
5
Calculate the highest common factor of 36 and 26514.
18
What is the greatest common divisor of 1472 and 64?
64
What is the highest common divisor of 130 and 52?
26
Calculate the highest common divisor of 2 and 34.
2
What is the highest common factor of 135 and 160?
5
What is the highest common divisor of 143 and 26?
13
What is the greatest common divisor of 2 and 7?
1
What is the greatest common divisor of 2 and 1218?
2
What is the greatest common factor of 2574 and 6084?
234
What is the highest common divisor of 45 and 705?
15
Calculate the greatest common factor of 22 and 1067.
11
Calculate the highest common factor of 4 and 48.
4
Calculate the highest common factor of 19323 and 9.
9
What is the greatest common divisor of 1892 and 44?
44
Calculate the highest common factor of 66 and 642.
6
What is the highest common divisor of 12 and 150?
6
Calculate the highest common factor of 8 and 136.
8
What is the highest common factor of 68 and 204?
68
Calculate the highest common factor of 10870 and 10.
10
What is the greatest common factor of 312 and 78?
78
What is the highest common divisor of 1325 and 371?
53
Calculate the highest common factor of 377 and 58.
29
Calculate the highest common divisor of 101 and 2.
1
Calculate the highest common divisor of 2575 and 75.
25
Calculate the greatest common factor of 92 and 110676.
92
What is the highest common divisor of 2264 and 56?
8
Calculate the highest common divisor of 23 and 2.
1
Calculate the highest common factor of 68 and 170.
34
Calculate the greatest common factor of 305 and 1037.
61
Calculate the greatest common factor of 26 and 13234.
26
Calculate the greatest common divisor of 195 and 30.
15
What is the highest common divisor of 936 and 364?
52
Calculate the greatest common factor of 24 and 15.
3
What is the highest common factor of 5448 and 6?
6
Calculate the greatest common factor of 50 and 10.
10
Calculate the highest common divisor of 4 and 81.
1
Calculate the highest common factor of 180 and 2.
2
Calculate the greatest common divisor of 1062 and 18.
18
What is the highest common factor of 334 and 835?
167
What is the greatest common divisor of 32 and 9728?
32
Calculate the greatest common factor of 536 and 67.
67
Calculate the greatest common divisor of 1288 and 736.
184
What is the greatest common factor of 294 and 3381?
147
Calculate the greatest common factor of 2064 and 64.
16
What is the highest common factor of 20 and 2840?
20
What is the highest common factor of 64 and 8?
8
What is the highest common divisor of 146 and 28762?
146
What is the greatest common divisor of 665 and 3724?
133
Calculate the highest common factor of 15 and 165.
15
Calculate the greatest common divisor of 242 and 88.
22
What is the greatest common factor of 38 and 703?
19
What is the highest common divisor of 2800 and 3024?
112
Calculate the greatest common factor of 99 and 77.
11
What is the highest common divisor of 10 and 2030?
10
What is the greatest common factor of 8595 and 180?
45
Calculate the greatest common factor of 4438 and 56.
14
What is the highest common factor of 96 and 512?
32
What is the greatest common factor of 27 and 3753?
27
What is the greatest common factor of 108 and 6300?
36
What is the highest common factor of 10 and 3305?
5
Calculate the great